= 3*h. Suppose -h = -4*z + 364. What are the prime factors of z?
3, 7
Suppose 0 = -174*f + 82*f + 66*f + 777608. What are the prime factors of f?
2, 7477
Let c = -15200 - -28063. List the prime factors of c.
19, 677
Suppose 97*w - 70*w = 4941. Let z = w + 193. What are the prime factors of z?
2, 47
Suppose 2*y = n + 26, -5*n + 24*y - 120 = 19*y. Let h = 159 + n. What are the prime factors of h?
137
Let w = 55128 - 18827. What are the prime factors of w?
31, 1171
Suppose -4*l - 299 = l - 2*p, 4*l + 5*p + 259 = 0. Let x = 72 + l. Suppose -x*s + 480 = -8*s. What are the prime factors of s?
2, 5
Let j be (-7)/((-28)/(-12))*-1. Let u(q) = 18*q**2 - j + 6*q + 0*q**3 - 5*q**2 - 9*q**2 - q**3. What are the prime factors of u(4)?
3, 7
Let c(h) = 286*h - 473. List the prime factors of c(52).
7, 11, 17
Let q = 4135 - 2084. Suppose -9*o + 4150 = -q. What are the prime factors of o?
13, 53
Suppose 2*f - 2*g + 5890 = 6*f, -2*f = -3*g - 2925. Let h = f + -369. What are the prime factors of h?
3, 367
Let a = -7829 + 12901. What are the prime factors of a?
2, 317
Let g(r) = -204*r**3 - 11*r**2 - 29*r - 11. List the prime factors of g(-4).
5, 7, 53
Let p(z) = -8*z + 131. Let o be p(16). Suppose o*a + 5*d - 814 = d, -5*a - 4*d = -1370. What are the prime factors of a?
2, 139
Let l = -394 - -402. Let u(z) = 4*z**3 - 7*z**2 - 22*z + 20. What are the prime factors of u(l)?
2, 19
Let a = -1823 + -127. List the prime factors of (-4*(-5)/60)/((-2)/a).
5, 13
Let v(b) be the second derivative of -113*b**5/20 - b**4/4 - b**3/3 - 5*b. Suppose -77*t + 1 = -78*t. What are the prime factors of v(t)?
2, 7
Let w(c) = 310*c - 1215. What are the prime factors of w(21)?
3, 5, 353
Let p be 24*(-3 + (-24)/(-9)). Let v = p - -9. Let l(b) = 214*b**2 - 4*b + 3. What are the prime factors of l(v)?
3, 71
What are the prime factors of (32068/(-6))/(86/(-6) + (3 - -11))?
2, 8017
Let u(r) = 30*r**2 + 78*r + 1027. What are the prime factors of u(-11)?
29, 131
Suppose 2*y - 4*i - 14063 = 4195, -4*i - 36492 = -4*y. List the prime factors of y.
3, 1013
Suppose u = -0*n - n + 1127, u = 2. Suppose 2*k + 2*y - 3*y = 447, -5*k + n = 5*y. List the prime factors of k.
2, 7
Suppose -5*a + 35 = 105. Suppose 0 = -4*r + 20 + 24. Let o = r - a. List the prime factors of o.
5
Let s(j) = -29*j - 36. Let r be s(-2). Suppose -12*t + 14 + r = 0. What are the prime factors of t?
3
Let r(n) = 4*n**2 - 6*n + 26. Let g be r(9). Let b = -274 + g. List the prime factors of b.
2, 11
Suppose 377*s - 97347 = 45*s + 644341. List the prime factors of s.
2, 1117
Let b = 15810 + 995. What are the prime factors of b?
5, 3361
Suppose -4*d = -2*b + 15213 + 83099, 3*b - 147440 = -d. Suppose -b + 10300 = -16*z. Suppose -16*f = -z - 1700. List the prime factors of f.
2, 3, 43
List the prime factors of (-12)/1170*-15 + 106715/13.
8209
Suppose -23 = -u + 4*i - 146, -u = -i + 132. Let r = u + 271. Let p = 240 - r. What are the prime factors of p?
2, 13
Let g(z) = -z**2 - 12*z - 39. Let h be g(-8). List the prime factors of (4 + h)*((-604)/(-3))/(-4).
151
Let g(q) = -q**3 + 12*q**2 - 10*q - 7. Let c(h) = 7*h - 13. Let v be c(7). Suppose -4*a - 3*z = -v, 0*a = -2*a + 2*z + 18. List the prime factors of g(a).
2, 73
What are the prime factors of ((-665715)/9)/(-5) + 24/18?
5, 11, 269
Let n(w) = -31*w**3 - 16*w**2 - 6*w + 15. List the prime factors of n(-5).
2, 5, 11
Suppose 45967 = 2*c + 4*d + 12687, 5*d = -3*c + 49925. List the prime factors of c.
2, 3, 5, 37
Let y(i) = -i**2 + 3*i - 2. Let n be y(1). Suppose n = -15*r + 14*r + 748. What are the prime factors of r?
2, 11, 17
Suppose -2*m + 2*i - 926 = 0, -m + 4*i = i + 453. Let r = 695 + m. What are the prime factors of r?
227
Suppose 108679 = 4*k - f, -3*f = 8*k - 5*k - 81528. List the prime factors of k.
3, 3019
Suppose 3*n - 10 + 44 = 2*a, 4*a - 52 = -2*n. What are the prime factors of (-1 - -339) + 6*(-7)/a?
5, 67
Let c(i) = 886*i**2 - 80*i + 481. What are the prime factors of c(7)?
3, 5, 107
Let g(q) = q**2 + 2*q - 12. Let p be g(-9). Suppose -4*w + p = 11. What are the prime factors of w?
2, 5
Suppose 23 = 10*k - 11*k. Let d = 71 - k. Let h = d + -48. List the prime factors of h.
2, 23
Let x be (3 + 275)*30/20. Suppose 840 = 2*k + 2*w, k - 2*k + 2*w = -x. What are the prime factors of k?
419
Let y = -8 - -7. Let r be y*(-3)/6*(-1 - -13). What are the prime factors of (r/3 - 1) + 6/1?
7
Let d(r) = -2*r**2 - 9*r + 10. Suppose 7*w = 10*w + 15. Let b be d(w). Suppose -f - 2*z - b = -184, 3*f + 5*z = 536. What are the prime factors of f?
3, 59
Suppose 0 = 3*k - 3*n + 819, -3*k - 97 = -4*n + 719. Let r = 13 - k. What are the prime factors of r?
17
Suppose -27 = 4*k - 123. Suppose 0*y - 31 = -2*y + 5*h, k = 3*y - 3*h. Suppose -329 = -y*a + 52. What are the prime factors of a?
127
Let b = -2414 - -3749. List the prime factors of b.
3, 5, 89
What are the prime factors of 5263 - 12/72*42?
2, 3, 73
Suppose 55*u = 8*u + 5452. Let w = 56 - 103. Let r = u - w. List the prime factors of r.
163
Let m = -892 - -1327. Suppose 613 = -4*y - 3*q + 2338, 3*q = y - m. What are the prime factors of y?
2, 3
Suppose -4*f = -4*g + 540, -19*g + 23*g - 558 = -2*f. Suppose -5*o = 5*i - 3905, i - 4*o - 899 = -g. What are the prime factors of i?
3, 7, 37
Let m be (-4 + 2)*30/2. Let c = m - -34. Suppose 4*d + c = 0, 10*d - 981 = -4*g + 7*d. List the prime factors of g.
2, 3, 41
Let t(b) = b + 21. Let s be t(9). Suppose 6 = 4*l + s. List the prime factors of (l - -9)*(-166)/(-6).
83
Let v(g) = -4*g**3 - 17*g**2 - 29*g + 37. List the prime factors of v(-12).
13, 373
Let h = -7844 - -11903. What are the prime factors of h?
3, 11, 41
Suppose -5*k + 3*k - 4 = 0, 4 = 3*a + k. Suppose 12*u + a*u - 182 = 0. Let q(c) = c**3 - 11*c**2 - 5*c - 11. What are the prime factors of q(u)?
2, 131
Let h = -4514 - -859. List the prime factors of -1 + (-4)/(-5) - h/25.
2, 73
Let o = -921 + 21157. List the prime factors of o.
2, 5059
Let h(u) = -4*u + u**2 - 7 + 7 + 0 - 1. Let w be h(4). What are the prime factors of (-36 - -37)*(-50 + -1)/w?
3, 17
Suppose -867*c = -858*c - 170343. What are the prime factors of c?
3, 701
Let c(l) = l**2 - l. Let n(a) = -6*a**2 + 4*a + 7. Let u(q) = -c(q) - n(q). Suppose 17 = -3*m + 8. What are the prime factors of u(m)?
47
Let t(g) = -6*g - 2. Let z be t(-2). Suppose 2*j = -z, 4*j = -0*f - 2*f - 6. Suppose -5*l = 2*x - 1065, 5*x = -l + f*x + 213. List the prime factors of l.
3, 71
Suppose -5*o = 5*p - 9415, -10*o + 4*p + 7133 = -11669. What are the prime factors of o?
3, 11, 19
Let u(t) = 32*t**2 + 8*t + 4. Let l be u(-5). Let d = l - 512. What are the prime factors of d?
2, 3, 7
Suppose -4*f + 5*m + 2460 = 0, -5*f - 3038 = -10*f - 3*m. List the prime factors of f - (3 + -10 + (1 - -5)).
13, 47
Suppose -525*w = -524*w + 2, -3*a = -5*w - 34171. List the prime factors of a.
59, 193
Let x(j) = -9*j**2 - 40*j + 32. Let l be x(-14). Let o = -205 - l. List the prime factors of o.
967
Let y(m) = m**2 - 14*m + 27. Let v be y(12). Suppose 2*q + i - 4 = 0, -q + 13 + 3 = -v*i. What are the prime factors of 126/q*84/(-245)*-5?
2, 3
Let a be 96/6 - (-56)/(-7). Suppose y - 387 = -a. List the prime factors of y.
379
Suppose 169*j + 185*j = 20521026. List the prime factors of j.
3, 19, 113
Let q(f) = -3*f**3 + 2. Let z be q(-2). Let b = 590 - z. What are the prime factors of b?
2, 3, 47
Let m(c) = 6*c - 2. Let d be m(1). Suppose 0 = -5*o + 4 + 11, -d*g - 4*o = 116. Let j = g + 139. What are the prime factors of j?
107
Let o = 12225 + 3035. List the prime factors of o.
2, 5, 7, 109
Let r = -15 + 65. Suppose 3*d + r = 83. Suppose -1712 = -d*k - 150. What are the prime factors of k?
2, 71
Let s(h) = 1710*h + 211. List the prime factors of s(4).
11, 641
Suppose -5*f - 5*y + 31110 = 0, -124*y + 12440 = 2*f - 126*y. What are the prime factors of f?
6221
Let w = 12945 - 4260. What are the prime factors of w?
3, 5, 193
Let q be (-25)/2*(-10)/(-75)*-369. Let x = q + -290. What are the prime factors of x?
5, 13
Suppose 19760 = 4*n - 2*a, -5*a - 4931 = 35*n - 36*n. What are the prime factors of n?
3, 61
Suppose 0 = -11*o + 645 - 7696. Let m = o - -1220. What are the prime factors of m?
3, 193
Let d be 2 - 18/12*-4. Let m(z) = 26*z + 42. List the prime factors of m(d).
2, 5
Suppose 0*n + 5*n - 4*g - 12 = 0, -3 = -n + g. 